isor of 74 and 4.
2
Calculate the highest common factor of 704 and 3344.
176
What is the highest common factor of 3422 and 522?
58
What is the highest common divisor of 32 and 352?
32
What is the greatest common factor of 119 and 21539?
119
Calculate the greatest common factor of 10 and 110.
10
What is the highest common factor of 3289 and 253?
253
What is the greatest common divisor of 11104 and 16?
16
Calculate the highest common divisor of 1040 and 5.
5
Calculate the highest common factor of 1 and 4987.
1
What is the greatest common factor of 750 and 60?
30
Calculate the highest common divisor of 14 and 2933.
7
What is the highest common divisor of 22596 and 1345?
269
What is the highest common factor of 152 and 8?
8
What is the highest common factor of 50 and 15?
5
Calculate the highest common factor of 18 and 1206.
18
Calculate the highest common divisor of 36 and 1500.
12
Calculate the highest common factor of 135 and 2265.
15
What is the highest common factor of 84 and 8?
4
What is the greatest common factor of 91 and 2275?
91
What is the greatest common factor of 279 and 8?
1
Calculate the greatest common divisor of 648 and 40.
8
Calculate the highest common divisor of 14329 and 115.
23
Calculate the greatest common divisor of 128 and 2192.
16
Calculate the greatest common divisor of 498 and 1577.
83
Calculate the greatest common factor of 21 and 2184.
21
What is the greatest common factor of 132 and 33?
33
Calculate the highest common factor of 1233 and 9.
9
Calculate the highest common factor of 561 and 968.
11
What is the greatest common factor of 43 and 43?
43
Calculate the highest common factor of 122 and 1647.
61
What is the greatest common factor of 684 and 4180?
76
Calculate the highest common divisor of 16 and 116352.
16
Calculate the highest common divisor of 603 and 18.
9
What is the highest common factor of 344 and 129?
43
Calculate the highest common divisor of 33 and 176.
11
What is the highest common factor of 88 and 200?
8
Calculate the greatest common factor of 319 and 29.
29
Calculate the greatest common factor of 1976 and 143.
13
What is the greatest common factor of 483 and 126?
21
Calculate the highest common factor of 119 and 34.
17
What is the highest common factor of 325 and 195?
65
Calculate the highest common divisor of 989 and 129.
43
What is the greatest common factor of 6148 and 159?
53
Calculate the highest common factor of 18540 and 15.
15
What is the highest common divisor of 16 and 2200?
8
What is the highest common divisor of 2 and 80?
2
What is the greatest common factor of 305 and 1952?
61
What is the greatest common divisor of 125 and 5?
5
What is the highest common factor of 408 and 60?
12
Calculate the highest common factor of 9731 and 789.
263
What is the highest common divisor of 420 and 42?
42
What is the greatest common divisor of 3390 and 120?
30
What is the highest common factor of 4 and 932?
4
What is the highest common factor of 1742 and 26?
26
Calculate the greatest common divisor of 10972 and 91.
13
What is the highest common divisor of 4160 and 24?
8
Calculate the highest common divisor of 143 and 3124.
11
What is the greatest common factor of 18 and 666?
18
Calculate the greatest common divisor of 603 and 32964.
201
What is the greatest common divisor of 52 and 28756?
52
What is the greatest common factor of 176 and 44?
44
What is the highest common factor of 141 and 7943?
47
Calculate the greatest common divisor of 222 and 4144.
74
What is the greatest common factor of 936 and 260?
52
Calculate the greatest common factor of 1470 and 720.
30
Calculate the greatest common divisor of 155 and 15965.
155
Calculate the highest common factor of 473 and 22.
11
What is the greatest common factor of 155 and 217?
31
Calculate the highest common divisor of 298 and 4.
2
What is the highest common divisor of 561 and 528?
33
Calculate the highest common factor of 287 and 392.
7
Calculate the greatest common divisor of 133 and 27398.
133
What is the highest common divisor of 3060 and 1292?
68
What is the highest common divisor of 91 and 819?
91
What is the greatest common divisor of 30 and 258?
6
What is the greatest common factor of 46 and 2369?
23
Calculate the highest common factor of 61 and 4819.
61
What is the greatest common divisor of 12411 and 63?
63
What is the greatest common divisor of 620 and 15?
5
What is the highest common factor of 7 and 21532?
7
What is the greatest common factor of 756 and 1092?
84
What is the greatest common divisor of 4120 and 40?
40
What is the greatest common factor of 17226 and 44?
22
Calculate the greatest common divisor of 24 and 84.
12
What is the highest common divisor of 261 and 63?
9
Calculate the greatest common divisor of 7101 and 81.
27
What is the highest common factor of 2 and 11?
1
What is the highest common divisor of 76 and 76?
76
What is the greatest common factor of 55 and 605?
55
Calculate the greatest common divisor of 5 and 35.
5
What is the greatest common factor of 1910 and 50?
10
What is the greatest common factor of 779 and 1919?
19
What is the greatest common factor of 25 and 5975?
25
What is the greatest common divisor of 4 and 292?
4
Calculate the greatest common factor of 73 and 10877.
73
Calculate the highest common factor of 24 and 2568.
24
Calculate the highest common divisor of 59004 and 12.
12
Calculate the highest common factor of 396 and 88.
44
Calculate the greatest common factor of 864 and 696.
24
Calculate the greatest common divisor of 2233 and 29.
29
Calculate the highest common divisor of 13524 and 392.
196
Calculate the greatest common factor of 76567 and 23.
23
Calculate the greatest common divisor of 8 and 4.
4
Calculate the highest common divisor of 50 and 475.
25
What is the highest common divisor of 90 and 264?
6
Calculate the greatest common factor of 52 and 1339.
13
What is the highest common factor of 12 and 1?
1
What is the highest common divisor of 606 and 1616?
202
Calculate the greatest common factor of 70 and 28.
14
Calculate the highest common divisor of 490 and 270.
10
Calculate the greatest common factor of 873 and 1261.
97
Calculate the greatest common divisor of 74 and 2627.
37
What is the greatest common divisor of 1708 and 42?
14
What is the highest common factor of 11 and 65197?
11
What is the highest common factor of 57 and 4769?
19
What is the highest common factor of 247 and 59280?
247
Calculate the greatest common divisor of 2356 and 38.
38
Calculate the highest common divisor of 98 and 2548.
98
What is the greatest common factor of 32 and 544?
32
What is the highest common divisor of 8 and 56?
8
Calculate the greatest common divisor of 9 and 1359.
9
What is the greatest common factor of 358 and 23091?
179
Calculate the highest common divisor of 9213 and 249.
249
Calculate the greatest common factor of 9265 and 595.
85
What is the highest common factor of 12 and 324?
12
What is the greatest common divisor of 3536 and 26?
26
Calculate the highest common divisor of 48 and 124.
4
Calculate the greatest common divisor of 162 and 39.
3
Calculate the highest common factor of 510 and 50.
10
What is the greatest common factor of 9 and 981?
9
Calculate the greatest common factor of 26 and 2470.
26
What is the greatest common divisor of 49 and 35?
7
What is the highest common divisor of 1072 and 2278?
134
Calculate the highest common factor of 12 and 3372.
12
What is the highest common factor of 1273 and 3283?
67
Calculate the greatest common divisor of 320 and 1840.
80
Calculate the highest common divisor of 305 and 4087.
61
What is the highest common divisor of 276 and 12?
12
What is the greatest common divisor of 30 and 114?
6
Calculate the highest common divisor of 730 and 219.
73
What is the highest common divisor of 76 and 76?
76
What is the highest common factor of 156 and 1092?
156
What is the greatest common factor of 7 and 7?
7
What is the greatest common divisor of 25 and 50?
25
What is the greatest common divisor of 40 and 6550?
10
Calculate the greatest common divisor of 3932 and 8.
4
Calculate the greatest common divisor of 16 and 144.
16
What is the greatest common divisor of 310 and 868?
62
What is the greatest common divisor of 216 and 135?
27
What is the greatest common divisor of 36 